*3 - 11*q**2 - 9*q - 12. Let x(l) = -l**3 + l**2 + l + 1. Let o(b) = -p(b) - 6*x(b). Let k = -143 + 149. Determine o(k).
-12
Suppose 5*j + l = -35, -j = j + 5*l - 9. Let k(x) = 2*x + 11. Calculate k(j).
-5
Let q(s) = -5*s + 3. Suppose 0 = -4*n - 11*n + 75. Calculate q(n).
-22
Let p(s) = -s**3 + s**2 + 3*s + 2. Let o(k) be the third derivative of k**4/24 + k**3/6 + 11*k**2. Let c(f) = 3*o(f) - p(f). Give c(1).
1
Suppose -5*r + 10*r = -5*a - 5, -5 = -3*r + 5*a. Suppose i - 5*i = -16, r = -x + 4*i - 11. Let c(v) = v**2 - 8*v - 4. Calculate c(x).
-19
Let p(m) be the second derivative of 9*m + 0 + 1/12*m**4 + 1/2*m**2 + 1/6*m**3. Give p(-3).
7
Let m(y) = y + 3. Let s = 4 + -11. Let o(j) = j**3 + 6*j**2 - 9*j - 14. Let x be o(s). Suppose b - 4*b - 12 = x. Calculate m(b).
-1
Let r(z) = 9*z + 702. Let j be r(-77). Let o(y) = y**2 - 5*y - 31. Give o(j).
5
Let t(m) = 8*m**2 - 1. Suppose 0 = 2*h - 14 + 6. Let n(v) = v + 3 + h - 2. Let p be n(-4). What is t(p)?
7
Let t(w) be the second derivative of 2*w**3/3 + 3*w**2 - 151*w. Let m = -14 - -10. Calculate t(m).
-10
Let k(b) be the third derivative of b**7/5040 - b**6/144 - 3*b**5/5 + 35*b**2. Let j(r) be the third derivative of k(r). What is j(9)?
4
Let i(c) = -2*c - 10. Let v be i(-7). Let o(b) = 4*b**2 - 4*b - b**3 + 0*b**3 + v*b - 1. Let f be 2/5 - (-36)/10. Calculate o(f).
-1
Let t(q) = 18*q - q**2 - 18*q - 3. Let z(v) = -v**3 + v**2 - v + 25. Let m be z(0). Suppose -4*y + 0 = r + 5, -5*y - 5*r = m. Determine t(y).
-3
Let c(g) = -3*g**2 + 3*g + 2. Let d = -694 - -693. Determine c(d).
-4
Let w(t) be the second derivative of -t**4/12 - 3*t**3/2 - 5*t**2/2 - 109*t. Determine w(-9).
-5
Let p(h) = 2*h + 1. Let c(s) = -s - 1. Let i(r) = -7*r**2 + 2*r + 3. Let d be i(-1). Let t(x) = d*c(x) - 5*p(x). What is t(3)?
-11
Let l(w) = -w**2 + 8*w - 7. Let p be l(3). Let h(s) = 236*s**2 - s**3 + 5*s - 231*s**2 + 0*s**3 + p. What is h(6)?
2
Suppose 3*o - o = -g - 8, -5*g = -o - 4. Let s be (2 + -2)/(4/o). Let p(u) be the first derivative of -u**3/3 + u**2/2 + 5*u - 3. Give p(s).
5
Let o(l) = 2*l**2 - 3*l. Let h be o(3). Suppose -2*m = -1 - h. Suppose 5*i - m = 0, i = -4*x - 0*i + 1. Let b(c) = -c**3 - c - 2. Determine b(x).
-2
Let m(g) = -2*g**3 - 14*g**2 - 9*g - 6. Let c(b) = b**3 + b**2 - b + 1. Let p(k) = 3*c(k) + m(k). Calculate p(12).
-3
Let h(o) = o**3 - 17*o**2 + o - 25. Let k be h(17). Let b be 2*((-308)/k)/7. Let l(z) = -z + 4. Determine l(b).
-7
Let a(y) = -y**3 + y**2 + 2. Let u be (2 - 2)/(2 + -1). Suppose -5*x - 5*l + 2*l - 17 = u, 4*l = 4*x + 20. Let w be (x + (3 - -1))/1. Calculate a(w).
2
Suppose -t + 4 = t. Let c(h) = -3 - 2*h**t + 2*h - 3*h - h**3 + 3*h**2. Let m = -32 - -32. Calculate c(m).
-3
Let a(y) = -8*y**2 + 36*y + 33 - 32 - 36*y. Suppose 3*q + 2 = -1. Determine a(q).
-7
Suppose -190 = 7*i - 197. Let z(h) = 2*h**2 - 7*h + 5. Determine z(i).
0
Let j(s) = -14*s + 34*s - 8*s - 4*s - 9*s. Let n = -4 + 6. Let f = -1 + n. Calculate j(f).
-1
Let k(s) = -s**2 - 8*s - 2. Suppose 0 = 7*m + 207 - 186. Calculate k(m).
13
Let b(j) = -6*j - 16. Let p(r) = r + 2. Let n(u) = b(u) + 3*p(u). Determine n(-5).
5
Let f(v) be the third derivative of -1/120*v**6 - 10*v**2 + 1/30*v**5 + 0*v + 1/12*v**4 + 1/2*v**3 + 0. Give f(3).
0
Let x(w) = 2*w + 3. Let h be x(1). Let d(g) = -14 - 2*g + 2*g + 3*g + h. Give d(6).
9
Let j(c) = -c**2 - 3. Let w(y) = -2*y**2 + y - 5. Let h(x) = 3*j(x) - 2*w(x). What is h(0)?
1
Suppose f + 0 = -1. Let t(i) = -18*i**3 - i**2 - 4*i**2 + 0*i**2 + 6 - 7 + 6*i**2. What is t(f)?
18
Suppose -4 = -4*i + 8. Let p be 1/(i/(-9)*-1). Let s(x) = 1 - 2*x**2 + 2*x**3 + x - 3*x - 4*x**3 + x**p. Calculate s(-2).
5
Let n(x) be the second derivative of -x**5/20 - 5*x**4/12 + x**3 + 11*x**2/2 - 5*x - 20. Give n(-6).
11
Suppose 0 = 12*t - 0*t - 276. Let a = -6 - -25. Let n = t - a. Let p(f) = -f**3 + 3*f**2 + 5*f + 1. Give p(n).
5
Let r(p) = -p**3 - 129*p**2 - 4*p - 11 + 12 + 123*p**2. What is r(-6)?
25
Let s(p) = p**2 + 4*p - 1. Suppose -4*m + 4 = -4. Let h = m + 3. Suppose 4*w + h = -11. What is s(w)?
-1
Let h(g) = -11*g**2 + 2. Let j(t) = 7*t**2 - 1. Let d(f) = 5*h(f) + 8*j(f). Calculate d(3).
11
Let a be (-60)/(-18)*(-6)/(-10). Let o(r) = -2*r**a + r**3 + 2*r - 6 - r**2 + 9. Give o(3).
9
Suppose -2 + 4 = s. Suppose -2*f - 8 = 3*l - 0*l, 2*f - 12 = s*l. Let y(u) = -u - 1. What is y(f)?
-3
Suppose 6*t = -0 + 66. Let b(p) = -t*p + p**2 + 3 - 2 + 9*p. Give b(2).
1
Let g = -65 - -59. Let w(p) = 4*p**2 - 12*p - 6. Let x(k) = -k**2 + k + 1. Suppose 0 = -0*b + 3*b - 3. Let h(v) = b*w(v) + 5*x(v). Determine h(g).
5
Let i(g) = 5 + 33*g**2 + 32*g**2 - g - 102*g**2 + 34*g**2. Calculate i(-4).
-39
Let v(j) = 105*j**3 - 1 + 5*j + 106*j**3 - 210*j**3 - 6*j**2. Calculate v(5).
-1
Suppose 0 = -n + 5*g - 13, 3*n - 4*g + 149 = -2*n. Let k = 48 + n. Let d = 11 - k. Let s(h) = h**2 + 3*h + 3. Calculate s(d).
7
Let c(k) = -10*k - 3243 - k**2 + 2*k**2 + 3226. Determine c(11).
-6
Let a be (1 + 2/(-3))/(2/54). Let z(w) = 8 + a + w + w**3 - 2*w**3 - 23 + 6*w**2. What is z(6)?
0
Let v be (-8 + 7)/(-4 - (-69)/17). Let a(z) = z**2 + 17*z - 2. Calculate a(v).
-2
Let n(t) = 2 - 16 + 5 + t. Let a = 133 - 133. What is n(a)?
-9
Suppose -2*w - 5*h + h = -16, 5*w - 22 = -4*h. Let n(r) = -1 - w*r + 0*r + 2*r - 4*r**2. Let x = -4 + 3. What is n(x)?
-5
Let v(k) = -6*k**2 - 3. Let a(f) = 4*f**2 + 2*f - 3. Let l(p) = p**2 + p - 1. Let n(y) = -a(y) + 3*l(y). Let t(j) = -5*n(j) + v(j). Determine t(-4).
1
Suppose 3*m = 3*p - 288, 3*p - 4*m - 186 - 107 = 0. Let d = 88 - p. Let o(a) = -a**3 - 3*a**2 - a + 3. Calculate o(d).
6
Let z(i) = 53*i**3 - 4*i**2 + 5*i - 8. Let g(t) = -51*t**3 + 3*t**2 - 4*t + 6. Let x(d) = 4*g(d) + 3*z(d). Calculate x(1).
-46
Let g(h) = -h**3 + 4*h**2 - h + 4. Let t(u) = -11*u + 92. Let n be t(8). What is g(n)?
0
Let u(i) be the second derivative of 2*i**3/3 - 2*i**2 - 5*i. Give u(2).
4
Let x(q) = 3*q - 1. Let m(j) be the second derivative of -j**3/3 + j**2/2 + 21*j. Let l(a) = -4*m(a) - 3*x(a). Determine l(-3).
2
Let y be ((-56)/6)/(6/(-9)). Suppose -b = b - y. Suppose -b - 5 = 4*o + 2*g, -12 = 4*o + 3*g. Let v(c) = -c**3 - c**2 + 2*c - 4. Give v(o).
8
Let p(m) = -10*m**2 - 46*m - 14. Let l be p(-4). Let h(j) = 6 + j + 0*j - 5*j + 3*j. Determine h(l).
-4
Let d = 142 - 129. Suppose -d = 17*j + 21. Let p(y) be the second derivative of -y**4/12 + y**2 + 2*y. Determine p(j).
-2
Let j(m) = -3*m - 11. Suppose 53*g - 10*g + 344 = 0. Give j(g).
13
Let x(z) = -z**2 - 7*z + 8. Let a be 4 + 45 + (-2)/2. Suppose 0 = -2*p - 4*p - a. Give x(p).
0
Let f be ((-10)/20)/((-1)/4). Suppose f*i = -5*a + 17, i - a + 14 = a. Let u be (i/(-3))/(7/(-21)). Let k(w) = 2*w - 1. Give k(u).
-9
Let a(s) = 20*s**3 + 0*s**2 + 15*s**3 + 7 - 54*s**3 - 6*s**2 + 20*s**3 - 9*s. Let z = 22 + -15. Give a(z).
-7
Let h be (-4)/30 + 476/420. Let m(b) = -b**3 + 7*b**2 + 2. Let v be m(7). Let z(x) = 4*x + 2*x + 0*x - 5*x + 6*x**v. Determine z(h).
7
Let l(c) = c**2 - 25*c - 26. Let b be l(26). Let o(a) = -a - 4. Give o(b).
-4
Suppose -7*y + 10 = -2*y. Let j(z) = -2*z**2 - 2*z - 1 + 0 - y*z**2 - z**2. Suppose -3*c - 14 = 2*x, 7 = -x + 2*x - 2*c. What is j(x)?
-4
Let z(s) = 9*s**2 - 5 - 10*s**2 - 4*s - 5*s + 0. Let a be z(-8). Let c(t) = a*t**3 - 4*t**3 - 4*t**2 - 2*t + 3 - 1 - 1. Determine c(-3).
-2
Suppose 8 + 10 = 3*s. Let w(y) = 7 + 12*y - s*y - 8*y. Determine w(6).
-5
Let x = 1 - 4. Let c(q) = -223*q + 2*q**3 - 219*q + 3*q**2 + 883*q - 220*q - 224*q. Calculate c(x).
-18
Suppose -4*w - 5*u - 15 + 62 = 0, 2*w + 3*u = 25. Let v(k) = k**2 - 3*k. Let a(p) = -2*p**2 + 5*p. Let f(s) = w*v(s) + 5*a(s). What is f(-1)?
-3
Let q(m) = m**2 - 12. Let p be (-60)/28 + 2 + 108/(-28). Determine q(p).
4
Let p(x) = -x - 13. Let y(g) = -2*g. Let d be y(-5). Suppose 0*w - d = -4*v - w, 3*v = 4*w + 17. Suppose -3*k - 2*k + 25 = q, 3*k - 15 = v*q. Determine p(q).
-13
Suppose 2*l + 10*m = 6*m + 12, -3*l = -5*m - 18. Let t(y) be the third derivative of y**6/120 - 7*y**5/60 + 5*y**4/24 + 5*y**3/6 - 4*y**2. Calculate t(l).
-1
Let x(d) be the second derivative of d**6/360 - d**5/24 + 5*d**4/6 - 9*d. Let h(i) be the third derivative of x(i). Calculate h(-4).
-13
Let g(o) be the third derivative of o**5/30 - 17*o**4/24 + 5*o**3/3 - 8*o**2. Let s(d) = -d**2 + 9*d - 5. Let a(k) = -4*g(k) - 7*